Suppose 3*r - 5 = j. What is the units digit of r?
7
Suppose 0*n + 4*n - 2*b = 4, -b = -5*n + 2. Let h = n + 9. What is the units digit of h?
9
Let p(d) = 23*d - 1. Let q(b) = -46*b + 2. Let u(m) = 13*p(m) + 6*q(m). What is the tens digit of u(2)?
4
What is the units digit of -11 + 10 + (0 - -65)?
4
Suppose -4*k + 2*u + 2*u + 28 = 0, 5*k + u = 29. Let i(x) = -3 + 0*x + 0*x**3 + k*x**2 - x**3 + 2*x. What is the units digit of i(6)?
9
Let k = 17 + 2. Suppose k = 2*s + l - 4*l, -4*l - 16 = 2*s. Suppose s*x - 6 = 4. What is the units digit of x?
5
Suppose w - 2*a - 28 = 39, -152 = -2*w - 5*a. What is the units digit of w?
1
Suppose f - 51 = -12. What is the tens digit of f?
3
Let g = -46 + 84. What is the tens digit of g?
3
Suppose 2*n - 706 = -5*g, 0 = -n + 4*g + 390 - 24. What is the hundreds digit of n?
3
What is the tens digit of 220/(-6)*(-18)/15?
4
Let t be (3 - 0) + -2 - -6. Let l be 6*2*(-5)/10. Let v = t + l. What is the units digit of v?
1
Suppose t - 2*t = -37. What is the tens digit of t?
3
Suppose -7*i = -15 - 20. Suppose -4*t = 2*o - 122, -4*t - 266 = -i*o - t. What is the units digit of o?
5
Let o = 5 - 0. Suppose -o*q - 17 = -62. What is the units digit of q?
9
Let g(q) = 18*q + 5. Let n be g(-4). Let p = -46 - n. What is the tens digit of 363/p + 4/(-14)?
1
Let w be (-19)/(-1 + 6/3). Let h = 63 + w. What is the tens digit of h?
4
Let f = 5 + 10. Suppose -4*o - f = -35. What is the units digit of o?
5
Let i(l) = -4*l - 3. What is the tens digit of i(-10)?
3
What is the hundreds digit of (0 + -274 - 5)*-1?
2
Suppose -3*c + 3*r - 21 = -0*c, 0 = 5*r + 10. Let t be (24/c + 1)*-3. Suppose t*l = l + 12. What is the units digit of l?
3
What is the units digit of 15/(-10)*4/(-3)?
2
Let k be -1*3/(-3)*3. Suppose 0 = 5*w - 13 + k. What is the units digit of -2*w/(-8)*2?
1
Let s be 8/(-6)*(-12)/8. Let h be 1 - s/4*-2. Suppose -3*i + h*i = -9. What is the units digit of i?
9
Suppose -2*a - 21 = -7. What is the units digit of a/(-3) - 4/(-6)?
3
Suppose -8*j = -25*j + 4709. What is the tens digit of j?
7
Let u(b) = -2*b - 6. Let x be u(0). What is the units digit of 16/x*81/(-12)?
8
Let p(d) = -2*d**2 - 6 + 0*d**2 + 8. Let n be p(2). What is the units digit of -4*1*n/4?
6
Let q be 2 + 9*(-3)/(-9). Suppose q*n - 9 - 46 = 0. What is the tens digit of n?
1
Let q = -19 + 43. Suppose q = -0*k - 2*k. What is the units digit of (-8)/20 - k/5?
2
Suppose b = -5*a + 10, 5*a + 4 = -4*b + 29. What is the units digit of (-5 - (a + -4))*-6?
2
Suppose 28 = 2*n + 4*v, -2*n + 0*v + 23 = 3*v. Suppose -2*k = r - 1, 2*r + n*k = r - 3. What is the units digit of r?
5
Let s be (11/(-2))/((-1)/(-6)). Let q be (-1 - (-4)/3)*s. Let c = q + 24. What is the units digit of c?
3
What is the units digit of 2 + 3/(12/76)?
1
Suppose -47 = -4*v + 13. What is the tens digit of v?
1
Suppose 0 = y - 2 - 2. Suppose 4*m - m + 2*w = 44, 56 = y*m + 2*w. Let o = m - 4. What is the units digit of o?
8
Let f = -6 - -5. Let b be ((-1)/(-1))/f*-3. Suppose b = -2*n + 5. What is the units digit of n?
1
Suppose -5*j = 5*m - 5, -3*m = -4*j - 25 - 6. Suppose -m*p + 5*g = -80, -3*g + 2*g = 4. What is the units digit of p?
2
Let p be (1 - -5) + 0/2. Let o = p + 27. Suppose 5*d + 18 = -g, 2*d - d = 4*g - o. What is the units digit of g?
7
Suppose -h + 40 = h. Suppose 8*a = 3*a + h. Suppose 4*b = -4*s + 72, -a*b - 21 = -4*s + 27. What is the units digit of s?
5
Let b = 49 + -41. What is the units digit of b?
8
Let k(r) = -r**2 - r + 2. Let n be k(0). Suppose -n*y + 0*y = -14. What is the units digit of y?
7
Let t(m) = -m**2 - 3*m + 2. Let d be t(-4). Let b = d + 5. Suppose -b*l + 12 = 3*h, 2*h - l = -0*l - 1. What is the units digit of h?
1
Let d = -30 - -47. What is the tens digit of d?
1
Suppose 4*i + 31 + 32 = -3*o, 2*o + 2 = 0. Let z be (i/(-6))/5*6. Suppose -z*f = -4*t - 24, -4*t - 8 = -f - 0*f. What is the units digit of f?
8
Suppose 0 = x - 4 - 0. Suppose 0 = n - 5 + x. What is the units digit of n?
1
Let i be (-3)/(-18)*-2*-12. Suppose i*r - m - 32 = 29, -5*r + 4*m = -79. What is the tens digit of r?
1
Let k = -13 + 25. Let w be 21/k - (-1)/4. Suppose -w*c + 0*c = -10. What is the units digit of c?
5
What is the units digit of (6/9)/(4/6)?
1
Let s = -17 + 20. Suppose -b + 0*k = 2*k - s, 12 = 2*b + k. What is the units digit of b?
7
Suppose 4*g + 4*p + 9 = -p, -40 = -5*g + 4*p. Let y be (-1 - 0)/1 - -1. Suppose -2*t + 3*t - g = y. What is the units digit of t?
4
Let c(y) be the first derivative of 16*y**3/3 - y - 2. What is the units digit of c(-1)?
5
Let s = -13 - -33. Let a = -9 + s. Suppose -g = -2*g + a. What is the units digit of g?
1
Let k be (7/14)/((-2)/(-12)). Let a be 4 - (-3)/(k/(-2)). Suppose 0 = n + a*n - 18. What is the units digit of n?
6
Let i(b) = b**3 + 6*b**2 - 6*b + 7. Let m be i(-7). Suppose c - 10 - 5 = m. What is the units digit of c?
5
Suppose 4*m = -3*c + 46 - 15, 0 = -c + 5. Suppose 76 = 3*x - 2*s, m*x + 4*s - 68 = -0*x. What is the tens digit of x?
2
What is the units digit of 64/(-16) - (1 + -65)?
0
Let v = -3 - -3. Suppose v = -y - 0*y + 13. What is the units digit of y?
3
Let c(k) = 38*k - 2. Let p be c(3). What is the units digit of (-10)/2*p/(-35)?
6
Let x be ((-1)/2)/(3/78). Let s = -10 + 3. Let r = s - x. What is the units digit of r?
6
Let m = -31 + 43. What is the units digit of 39/m + 3/4?
4
Let c(s) be the third derivative of -s**6/15 - s**5/60 - 2*s**2. Let j be c(-1). Let f = j + -3. What is the units digit of f?
4
Let o(w) = -w**3 - w**2 + 4*w + 1. What is the units digit of o(-3)?
7
Suppose 7 = -2*g + 91. Let o = -10 + g. What is the units digit of o?
2
Suppose -5*h - 19 + 86 = 2*l, -h + 4*l + 9 = 0. Suppose -b + 5 = 0, q - 2*b = -h + 2. What is the units digit of (0 - 1) + (-3)/q?
2
Let w(z) = 0*z**2 - 9 + 1 + z**2 - 4*z - 2*z. Let p be w(7). What is the units digit of 170/(-50)*5*p?
7
Suppose -z + 5*b = 2*b - 5, -5*z - 5*b - 75 = 0. Let d = z + 24. Suppose -20 = -5*a + 4*n, -a - d = -5*n + 3. What is the units digit of a?
8
Let f = 12 - 8. What is the units digit of f?
4
Let t = 12 - 4. Suppose t*h = 5*h + 15. What is the units digit of h?
5
Suppose 0 = 4*h - 7*h + 15. Suppose h - 13 = -m. What is the units digit of m?
8
Let l be (-20)/(-9) + (-10)/45. What is the units digit of (1 - 0)/(l/10)?
5
Suppose 0 = -3*l - 55 + 91. What is the tens digit of l?
1
What is the hundreds digit of (50/75)/(4/1578)?
2
Let h = -14 + 17. Suppose -h*p = 31 - 130. What is the tens digit of p?
3
Let x = -2 + 6. Suppose -a = x*a + 20. What is the units digit of 2/4 - 34/a?
9
Let x(j) = -j - 7 + 0*j + 14*j**2 - j**3 + 2*j**3 + 3. What is the tens digit of x(-14)?
1
Suppose 3*s = -4*b - b, 0 = -3*b + 4*s. Let x = b - 0. Suppose x = -3*p + 5*g - 9, 0*p + 2*p - 2*g + 2 = 0. What is the units digit of p?
2
Let r(k) = 7*k**3 + k**2 - k. Let n be r(1). Let i = n - -12. What is the tens digit of i?
1
Let q(h) = h**2 - h - 8. What is the tens digit of q(10)?
8
What is the units digit of ((-4)/10)/(7/(-35))?
2
Suppose 9*f = 11*f - 68. What is the tens digit of f?
3
What is the hundreds digit of 4905/30*2/3?
1
Suppose -6*h + 3*h + 76 = -5*d, -144 = -5*h + 4*d. What is the units digit of h?
2
Let q = 195 - 96. What is the tens digit of q?
9
Suppose -t - 20 = -4*x + 12, 2*t = x - 8. What is the units digit of x?
8
Let n(c) = 16*c - 11. What is the hundreds digit of n(7)?
1
Let s(x) = -x**2 + 1. Let o be s(1). Suppose -3*i = -2*v - o*i + 39, 0 = v + 3*i - 33. What is the tens digit of v?
2
Let c(i) = -1. Let k(o) = -o + 2. Let m(n) = 6*c(n) + k(n). Let u be m(0). Let y(h) = h**2 + 3*h + 6. What is the tens digit of y(u)?
1
Let n(d) = -d**2 + 10*d + 10. Let l be n(10). Let j = 29 + l. What is the units digit of j?
9
Let y = 260 + -158. What is the units digit of y?
2
Suppose 8*y = 98 - 26. What is the units digit of y?
9
Let z = -74 + 272. What is the units digit of z?
8
Let w be ((-6)/2)/(1/(-1)). What is the tens digit of (24/(-3))/(w/(-9))?
2
Let p(j) = -j - 3. Let h be p(-5). Suppose 4*y + h*x - 48 = -2*x, x - 3 = 0. Suppose 0 = 4*d - 3 - y. What is the units digit of d?
3
Let b(r) = -r**3 + r**2 + r + 33. What is the units digit of b(0)?
3
Suppose 0 = 4*y - 9*y + 100. What is the tens digit of y?
2
What is the units digit of 27/((-4)/(-4)) - 2?
5
Suppose 4*m - 8 = -3*n, 0 =